{"id":2220,"date":"2026-03-03T21:23:33","date_gmt":"2026-03-03T20:23:33","guid":{"rendered":"https:\/\/www.gratch.com\/liquifoil\/?post_type=product&#038;p=2220"},"modified":"2026-03-09T12:15:10","modified_gmt":"2026-03-09T11:15:10","slug":"liquifoil-1-l-probe-weiss","status":"publish","type":"product","link":"https:\/\/www.gratch.com\/liquifoil\/de\/product\/liquifoil-1-l-probe-weiss\/","title":{"rendered":"LiquiFoil SC01-20, 1 L Probe (Weiss)"},"content":{"rendered":"<p>Abziehbare Fl\u00fcssigfolie zum Schutz von Spritzkabinen \u2013 WEISS<br \/>\nFl\u00fcssige, abziehbare Schutzfolie zum vor\u00fcbergehenden Schutz von W\u00e4nden, Decken und anderen nicht saugf\u00e4higen Oberfl\u00e4chen in Spritzkabinen.<br \/>\nEffizient in der Anwendung mit minimalem Produktverlust. Wasserbasiert, ungiftig, nicht brennbar und ohne chemische Abf\u00e4lle.<\/p>\n<p><strong>1. Auftragen (rollen oder spr\u00fchen)<\/strong><br \/>\nTragen Sie die Fl\u00fcssigfolie mit einer Farbrolle, einem HVLP-, Airless- oder Druckluftspritzger\u00e4t auf. Achten Sie darauf, dass LiquiFoil gleichm\u00e4\u00dfig aufgetragen wird, und arbeiten Sie in Bahnen, um eine geschlossene, deckende Schicht zu erzielen.<br \/>\nTragen Sie eine ausreichend dicke Schicht auf, damit die Folie nach dem Trocknen leicht in einem St\u00fcck abgezogen werden kann.<br \/>\nTrocknungszeit: ca. 1\u20134 Stunden, abh\u00e4ngig von Schichtdicke, Temperatur und Bel\u00fcftung. Eine beschleunigte Trocknung ist durch den Einsatz von Warmluft oder Kabinenbel\u00fcftung m\u00f6glich. Die Folie ist deckend wei\u00df.<\/p>\n<p><strong>2. Schutz w\u00e4hrend des Gebrauchs<\/strong><br \/>\nNach dem Aush\u00e4rten bildet die Folie eine elastische, geschlossene Schutzschicht, die Oberfl\u00e4chen in Spritzkabinen sch\u00fctzt vor:<br \/>\n\u2022 Lack- und Beschichtungsspr\u00fchnebel<br \/>\n\u2022 Farbspr\u00fchnebel und Pigmentablagerungen<br \/>\n\u2022 Staub- und Schmutzanhaftungen<br \/>\n\u2022 leichter mechanischer Beanspruchung<br \/>\n\u2022 Lichtverlust<br \/>\nDadurch bleiben die Kabinenw\u00e4nde sauber, der Reinigungsaufwand wird reduziert und die Lichtleistung bleibt optimal.<br \/>\nGeeignet f\u00fcr die Anwendung auf Metall, Glas, beschichteten Platten und anderen nicht saugenden Untergr\u00fcnden.<br \/>\nWenn die Beschichtung verschmutzt ist, kann eine weitere Schicht dar\u00fcber aufgetragen werden.<\/p>\n<p><strong>3. Entfernen (Abziehen)<\/strong><br \/>\nWenn die Schutzschicht ges\u00e4ttigt oder verschmutzt ist oder mehrere Schichten \u00fcbereinander liegen, kann die Folie einfach von Hand abgezogen werden.<br \/>\nDie Folie hinterl\u00e4sst keine Kleber\u00fcckst\u00e4nde oder Verschmutzungen und greift den Untergrund nicht an. Eine Nachreinigung ist in der Regel nicht erforderlich.<br \/>\nNach dem Entfernen kann sofort eine neue Schutzschicht aufgebracht werden.<\/p>\n<p>F\u00fcr transparente Untergr\u00fcnde (Fenster und Lampen) empfehlen wir LiquiFoil LF01. Diese ist nach dem Trocknen (halb-)transparent.<\/p>\n","protected":false},"excerpt":{"rendered":"<p>Spritzkabinenfolie, Weiss<\/p>\n","protected":false},"featured_media":2409,"template":"","meta":[],"product_brand":[],"product_cat":[140,101],"product_tag":[],"class_list":{"0":"post-2220","1":"product","2":"type-product","3":"status-publish","4":"has-post-thumbnail","6":"product_cat-liquifoil-sc01-20-de","7":"product_cat-alle-liquifoil-produkte","9":"first","10":"instock","11":"taxable","12":"shipping-taxable","13":"purchasable","14":"product-type-simple"},"aioseo_notices":[],"_links":{"self":[{"href":"https:\/\/www.gratch.com\/liquifoil\/wp-json\/wp\/v2\/product\/2220","targetHints":{"allow":["GET"]}}],"collection":[{"href":"https:\/\/www.gratch.com\/liquifoil\/wp-json\/wp\/v2\/product"}],"about":[{"href":"https:\/\/www.gratch.com\/liquifoil\/wp-json\/wp\/v2\/types\/product"}],"wp:featuredmedia":[{"embeddable":true,"href":"https:\/\/www.gratch.com\/liquifoil\/wp-json\/wp\/v2\/media\/2409"}],"wp:attachment":[{"href":"https:\/\/www.gratch.com\/liquifoil\/wp-json\/wp\/v2\/media?parent=2220"}],"wp:term":[{"taxonomy":"product_brand","embeddable":true,"href":"https:\/\/www.gratch.com\/liquifoil\/wp-json\/wp\/v2\/product_brand?post=2220"},{"taxonomy":"product_cat","embeddable":true,"href":"https:\/\/www.gratch.com\/liquifoil\/wp-json\/wp\/v2\/product_cat?post=2220"},{"taxonomy":"product_tag","embeddable":true,"href":"https:\/\/www.gratch.com\/liquifoil\/wp-json\/wp\/v2\/product_tag?post=2220"}],"curies":[{"name":"wp","href":"https:\/\/api.w.org\/{rel}","templated":true}]}}