{"id":1560,"date":"2021-03-22T11:30:55","date_gmt":"2021-03-22T10:30:55","guid":{"rendered":"https:\/\/www.gratch.com\/mightybrighty\/?page_id=1560"},"modified":"2022-09-27T16:25:45","modified_gmt":"2022-09-27T14:25:45","slug":"warum-projectionswandfarbe","status":"publish","type":"page","link":"https:\/\/www.gratch.com\/mightybrighty\/de\/warum-projectionswandfarbe\/","title":{"rendered":"Warum Projektionswandfarbe"},"content":{"rendered":"<div class=\"wpb-content-wrapper\"><p>[vc_row full_width=&#8221;stretch_row&#8221; content_placement=&#8221;middle&#8221; css=&#8221;.vc_custom_1614248839056{margin-top: 0px !important;padding-top: 30px !important;padding-bottom: 120px !important;background-color: #ffffff !important;}&#8221;][vc_column][vc_row_inner content_placement=&#8221;middle&#8221;][vc_column_inner width=&#8221;3\/4&#8243; css=&#8221;.vc_custom_1605108013378{margin-left: 0px !important;border-left-width: 0px !important;padding-left: 0px !important;}&#8221;][vc_column_text]<\/p>\n<h3>Warum sollten Sie sich f\u00fcr Mighty Brighty Beamer Paint entscheiden?<\/h3>\n<p style=\"text-align: justify\">Viele Leute verwenden immer noch eine unbehandelte wei\u00dfe Wand als Projektionsfl\u00e4che, aber dies f\u00fchrt zu einer schlechten Bildqualit\u00e4t. Der Kontrast ist nicht ausreichend oder das Bild ist nicht scharf genug. Bisher war die einzige andere M\u00f6glichkeit, eine Projektionsschirm zu kaufen. Au\u00dferdem muss immer ein separater Bildschirm eingerichtet und nach Gebrauch wieder aufbewahrt werden. Oder noch schlimmer, indem Sie ein dauerhaft sperriges System in Ihrer Decke installieren. Au\u00dferdem besteht eine gute Chance, dass der Bildschirm im Laufe der Zeit seine Form verliert und sich beispielsweise an den Seiten wellt.<\/p>\n<p><strong>Mighty Brighty ist ein neues und einmaliges Konzept, um eine perfekte Projektion auf einer Wand oder irgendeiner glatten Oberfl\u00e4che herstellen zu k\u00f6nnen. Sie brauchen die Wand nur zu bestreichen, dann k\u00f6nnen Sie sich hinsetzen und genie\u00dfen.<\/strong><\/p>\n<p style=\"text-align: justify\">Die Wahl der Projektionswandfarbe gegen\u00fcber einer normales Projektionsschirm bietet vielen Architekten die Freiheit, verschiedene R\u00e4ume ansprechend zu gestalten, ohne auf eine Projektionswand R\u00fccksicht nehmen zu m\u00fcssen.<\/p>\n<p>[\/vc_column_text][\/vc_column_inner][vc_column_inner width=&#8221;1\/4&#8243;][vc_single_image image=&#8221;1336&#8243; img_size=&#8221;full&#8221; onclick=&#8221;link_image&#8221;][vc_single_image image=&#8221;1335&#8243; img_size=&#8221;full&#8221; onclick=&#8221;link_image&#8221; css=&#8221;.vc_custom_1614862512538{margin-top: 0px !important;margin-bottom: 0px !important;border-top-width: 0px !important;border-bottom-width: 0px !important;padding-top: 0px !important;padding-bottom: 0px !important;}&#8221;][vc_custom_heading text=&#8221;Bowling Center Almere (NL)&#8221; font_container=&#8221;tag:p|font_size:11px|text_align:left&#8221; use_theme_fonts=&#8221;yes&#8221; link=&#8221;url:https%3A%2F%2Fbowlingalmere.nl%2F|target:_blank&#8221; css=&#8221;.vc_custom_1626088910508{margin-top: 0px !important;border-top-width: 0px !important;padding-top: 0px !important;}&#8221;][\/vc_column_inner][\/vc_row_inner][\/vc_column][\/vc_row]<\/p>\n<\/div>","protected":false},"excerpt":{"rendered":"<p>[vc_row full_width=&#8221;stretch_row&#8221; content_placement=&#8221;middle&#8221; css=&#8221;.vc_custom_1614248839056{margin-top: 0px !important;padding-top: 30px !important;padding-bottom: 120px !important;background-color: #ffffff !important;}&#8221;][vc_column][vc_row_inner content_placement=&#8221;middle&#8221;][vc_column_inner width=&#8221;3\/4&#8243; css=&#8221;.vc_custom_1605108013378{margin-left: 0px !important;border-left-width: 0px !important;padding-left: 0px !important;}&#8221;][vc_column_text] Warum sollten Sie sich f\u00fcr<span class=\"excerpt-hellip\"> [\u2026]<\/span><\/p>\n","protected":false},"author":1,"featured_media":0,"parent":0,"menu_order":0,"comment_status":"closed","ping_status":"closed","template":"","meta":{"footnotes":""},"class_list":["post-1560","page","type-page","status-publish","hentry"],"aioseo_notices":[],"_links":{"self":[{"href":"https:\/\/www.gratch.com\/mightybrighty\/wp-json\/wp\/v2\/pages\/1560","targetHints":{"allow":["GET"]}}],"collection":[{"href":"https:\/\/www.gratch.com\/mightybrighty\/wp-json\/wp\/v2\/pages"}],"about":[{"href":"https:\/\/www.gratch.com\/mightybrighty\/wp-json\/wp\/v2\/types\/page"}],"author":[{"embeddable":true,"href":"https:\/\/www.gratch.com\/mightybrighty\/wp-json\/wp\/v2\/users\/1"}],"replies":[{"embeddable":true,"href":"https:\/\/www.gratch.com\/mightybrighty\/wp-json\/wp\/v2\/comments?post=1560"}],"version-history":[{"count":5,"href":"https:\/\/www.gratch.com\/mightybrighty\/wp-json\/wp\/v2\/pages\/1560\/revisions"}],"predecessor-version":[{"id":1819,"href":"https:\/\/www.gratch.com\/mightybrighty\/wp-json\/wp\/v2\/pages\/1560\/revisions\/1819"}],"wp:attachment":[{"href":"https:\/\/www.gratch.com\/mightybrighty\/wp-json\/wp\/v2\/media?parent=1560"}],"curies":[{"name":"wp","href":"https:\/\/api.w.org\/{rel}","templated":true}]}}