{"id":1564,"date":"2021-03-22T11:31:30","date_gmt":"2021-03-22T10:31:30","guid":{"rendered":"https:\/\/www.gratch.com\/mightybrighty\/?page_id=1564"},"modified":"2023-10-06T15:41:39","modified_gmt":"2023-10-06T13:41:39","slug":"welche-farbe-hat-die-projektionswand","status":"publish","type":"page","link":"https:\/\/www.gratch.com\/mightybrighty\/de\/welche-farbe-hat-die-projektionswand\/","title":{"rendered":"Welche Farbe hat die Projektionswand"},"content":{"rendered":"<div class=\"wpb-content-wrapper\"><p>[vc_row full_width=&#8221;stretch_row&#8221; content_placement=&#8221;middle&#8221; css=&#8221;.vc_custom_1614249087042{margin-top: 0px !important;padding-top: 30px !important;padding-bottom: 120px !important;background-color: #ffffff !important;}&#8221;][vc_column][vc_row_inner content_placement=&#8221;middle&#8221;][vc_column_inner css=&#8221;.vc_custom_1605108013378{margin-left: 0px !important;border-left-width: 0px !important;padding-left: 0px !important;}&#8221;][vc_column_text]<\/p>\n<h3>Welche Farbe hat eine Mighty Brighty Projektionswand?<\/h3>\n<p style=\"text-align: justify\">Antwort: immer ein Grau-ton! Um guter Kontrast zu erhalten, ist einen Grauton ben\u00f6tigt. Oft wird mit einem Beamer auf eine wei\u00dfen Wand projiziert und auf wei\u00dfem Hintergrund ist keinen Kontrast zu erzielen. Selbst wenn es im Projektionsraum komplett dunkel w\u00e4re, wird das helle Licht des Beamers an einer wei\u00dfen Wand kein kontrastoptimales Bild darstellen. Eine normalen Projektionswand, (ausrollbar), ist auch nicht schneewei\u00df, sondern immer einen Grau- oder Silberton.<\/p>\n<p><strong>Welche graue Farbe haben die verschiedenen Mighty Brighty Projektionswand Pakete?<\/strong><\/p>\n<p style=\"text-align: justify\">Das <a href=\"https:\/\/www.gratch.com\/mightybrighty\/de\/product\/mpw-10-mighty-brighty-standard-schirm\/\" target=\"_blank\" rel=\"noopener\">MPW 105<\/a> Paket ist basiert auf der meist g\u00e4ngigen Projektionswand und ist komplett einsatzbereit. Diese Leinwand ist daher die Standard-Projektionswand, wie die meisten Projektionsw\u00e4nde. Die Farbe dieses Bildschirms ist daher fest und ist sehr hellgrau fast wie RAL 7047 (doch etwas heller). Das MPW 105 Paket hat einen Kontrastwert von ca. 2,5 und einen Verst\u00e4rkungswert (gain) von ca. 1,1.<\/p>\n<p style=\"text-align: justify\">Bei den <a href=\"https:\/\/www.gratch.com\/mightybrighty\/de\/product\/mpw-20-optimales-schirm-mit-magnetrahmen\/\" target=\"_blank\" rel=\"noopener\">MPW 20<\/a>, <a href=\"https:\/\/www.gratch.com\/mightybrighty\/de\/product\/mpw-225-mighty-brighty-standard-schirm-optimales-schirm\/\" target=\"_blank\" rel=\"noopener\">MPW 225<\/a> en <a href=\"https:\/\/www.gratch.com\/mightybrighty\/de\/product\/mpw-350-mighty-brighty-optimales-schirm\/\" target=\"_blank\" rel=\"noopener\">MPW 350<\/a> Paketen wird der Grauwert oder Kontrastwert f\u00fcr den Raum bestimmt, in dem die Projektionswand verwendet wird. Bei diesen Paketen kann die Farbe Grau daher nicht im Voraus angegeben werden. Wenn Sie in einem sehr hellen Raum mit einem Beamer, der viel Licht abgibt (\u00fcber 1750 Ansilumen) projizieren m\u00f6chten, ben\u00f6tigen Sie einen &#8220;dunkelgraue&#8221; Bildschirm, um Kontrast zu erhalten.<\/p>\n<p>Aber die Basis BaseCoat und TopCoat der MPW 225 und der MPW 350 haben die Kontrast- und Helligkeitswerte der Standardprojektionswand MPW 105.<\/p>\n<p style=\"text-align: justify\">Das Bild hierunten ist einen gute Hinweis darauf, wie grau die Projektionswand sein wird. Beide Achsen haben eine Skale von 0 bis 10. Diese gibt an, wie viele Teile Kontrastfl\u00fcssigkeit (Kontrastverst\u00e4rker) und Klarheitsfl\u00fcssigkeit (Helligkeitsverst\u00e4rker) hinzugef\u00fcgt werden sollen. Um herauszufinden, wie viel Kontrast- und Helligkeitsfl\u00fcssigkeit ben\u00f6tigt wird, f\u00fcllen Sie 5 Fragen aus und addieren Sie die Antworten. <a href=\"https:\/\/www.gratch.com\/mightybrighty\/wp-content\/uploads\/sites\/8\/2021\/07\/Fragebogen-MB.pdf\" target=\"_blank\" rel=\"noopener\">Fragebogen ansehen<\/a>.<\/p>\n<p>[\/vc_column_text][\/vc_column_inner][\/vc_row_inner][vc_row_inner content_placement=&#8221;middle&#8221;][vc_column_inner][vc_single_image image=&#8221;2463&#8243; img_size=&#8221;full&#8221; alignment=&#8221;center&#8221; onclick=&#8221;link_image&#8221;][vc_custom_heading text=&#8221;Lesen Sie die Farbe Grau in der \u00dcbersicht: der vertikalen Achse wie vielen Teilen<br \/>\nKontrastfl\u00fcssigkeit und der horizontalen Achse wie vielen Teilen Helligkeitsfl\u00fcssigkeit werden Sie in den jeweiligen Grund- und Decklack auftragen.&#8221; font_container=&#8221;tag:p|font_size:11px|text_align:center&#8221; use_theme_fonts=&#8221;yes&#8221; css=&#8221;.vc_custom_1626446713343{margin-top: -30px !important;border-top-width: 0px !important;padding-top: 0px !important;}&#8221; el_class=&#8221;maxtext&#8221;][\/vc_column_inner][\/vc_row_inner][\/vc_column][\/vc_row]<\/p>\n<\/div>","protected":false},"excerpt":{"rendered":"<p>[vc_row full_width=&#8221;stretch_row&#8221; content_placement=&#8221;middle&#8221; css=&#8221;.vc_custom_1614249087042{margin-top: 0px !important;padding-top: 30px !important;padding-bottom: 120px !important;background-color: #ffffff !important;}&#8221;][vc_column][vc_row_inner content_placement=&#8221;middle&#8221;][vc_column_inner css=&#8221;.vc_custom_1605108013378{margin-left: 0px !important;border-left-width: 0px !important;padding-left: 0px !important;}&#8221;][vc_column_text] Welche Farbe hat eine Mighty Brighty<span class=\"excerpt-hellip\"> [\u2026]<\/span><\/p>\n","protected":false},"author":1,"featured_media":0,"parent":0,"menu_order":0,"comment_status":"closed","ping_status":"closed","template":"","meta":{"footnotes":""},"class_list":["post-1564","page","type-page","status-publish","hentry"],"aioseo_notices":[],"_links":{"self":[{"href":"https:\/\/www.gratch.com\/mightybrighty\/wp-json\/wp\/v2\/pages\/1564","targetHints":{"allow":["GET"]}}],"collection":[{"href":"https:\/\/www.gratch.com\/mightybrighty\/wp-json\/wp\/v2\/pages"}],"about":[{"href":"https:\/\/www.gratch.com\/mightybrighty\/wp-json\/wp\/v2\/types\/page"}],"author":[{"embeddable":true,"href":"https:\/\/www.gratch.com\/mightybrighty\/wp-json\/wp\/v2\/users\/1"}],"replies":[{"embeddable":true,"href":"https:\/\/www.gratch.com\/mightybrighty\/wp-json\/wp\/v2\/comments?post=1564"}],"version-history":[{"count":17,"href":"https:\/\/www.gratch.com\/mightybrighty\/wp-json\/wp\/v2\/pages\/1564\/revisions"}],"predecessor-version":[{"id":2572,"href":"https:\/\/www.gratch.com\/mightybrighty\/wp-json\/wp\/v2\/pages\/1564\/revisions\/2572"}],"wp:attachment":[{"href":"https:\/\/www.gratch.com\/mightybrighty\/wp-json\/wp\/v2\/media?parent=1564"}],"curies":[{"name":"wp","href":"https:\/\/api.w.org\/{rel}","templated":true}]}}