{"id":2150,"date":"2021-09-23T13:36:39","date_gmt":"2021-09-23T11:36:39","guid":{"rendered":"https:\/\/www.gratch.com\/revoglas\/?post_type=product&#038;p=2150"},"modified":"2024-02-27T14:35:42","modified_gmt":"2024-02-27T13:35:42","slug":"revodisk-d-rot-5-6-8","status":"publish","type":"product","link":"https:\/\/www.gratch.com\/revoglas\/de\/product\/revodisk-d-rot-5-6-8\/","title":{"rendered":"RevoDisk D &#8211; Rot"},"content":{"rendered":"<p>Die einzigartigen RevoDisks sind Basis f\u00fcr ein gutes Ergebnis und erh\u00e4ltlich in 4 Gr\u00f6ssen (3\u201d, 5\u201d, 6\u201d und 8\u201d) und 5 verschiedenen Abrasivit\u00e4ten\/K\u00f6rnungen, so dass f\u00fcr jede Besch\u00e4digung die richtige Kombination gew\u00e4hlt werden kann. Es ist nicht notwendig alle Schritte durch zu gehen, wodurch Zeit gespart werden kann.<\/p>\n<p>Der einzigartige Entwurf und die Konstruktion sind kennzeichnend f\u00fcr die RevoDisks. Die Scheiben sind hergestellt mit einer K\u00f6rnung welche durchgehend die richtige Sch\u00e4rfe hat. Das d\u00e4mpfende Material auf der Hinterseite sorgt dass w\u00e4hrend der Reparatur keine neuen Kratzer (Swirls) entstehen k\u00f6nnen. Die RevoDisks sind durch eine Kodierung gekennzeichnet, damit diese einfach erkennbar und benutzbar sind.<\/p>\n<p>RevoDisk D, Rot, ist eine Schleifscheibe f\u00fcr Extremtiefe Besch\u00e4digunge.<\/p>\n<p>RevoDisk (D):<br \/>\nDisks pro Paket: 10<br \/>\nFarbekodierung: Rot<br \/>\nGr\u00f6sse: 5\u2033 (125 mm) \u2013 6\u2033 (150 mm) &#8211; 8&#8243; (200 mm)<\/p>\n","protected":false},"excerpt":{"rendered":"<p>Schleifscheibe f\u00fcr Extremtiefe Besch\u00e4digunge<\/p>\n","protected":false},"featured_media":1683,"template":"","meta":[],"product_brand":[],"product_cat":[124,128],"product_tag":[],"class_list":{"0":"post-2150","1":"product","2":"type-product","3":"status-publish","4":"has-post-thumbnail","6":"product_cat-revodisk-schleifscheiben","7":"product_cat-alle-revoglas-produkte","9":"first","10":"instock","11":"taxable","12":"shipping-taxable","13":"purchasable","14":"product-type-variable"},"aioseo_notices":[],"_links":{"self":[{"href":"https:\/\/www.gratch.com\/revoglas\/wp-json\/wp\/v2\/product\/2150","targetHints":{"allow":["GET"]}}],"collection":[{"href":"https:\/\/www.gratch.com\/revoglas\/wp-json\/wp\/v2\/product"}],"about":[{"href":"https:\/\/www.gratch.com\/revoglas\/wp-json\/wp\/v2\/types\/product"}],"wp:featuredmedia":[{"embeddable":true,"href":"https:\/\/www.gratch.com\/revoglas\/wp-json\/wp\/v2\/media\/1683"}],"wp:attachment":[{"href":"https:\/\/www.gratch.com\/revoglas\/wp-json\/wp\/v2\/media?parent=2150"}],"wp:term":[{"taxonomy":"product_brand","embeddable":true,"href":"https:\/\/www.gratch.com\/revoglas\/wp-json\/wp\/v2\/product_brand?post=2150"},{"taxonomy":"product_cat","embeddable":true,"href":"https:\/\/www.gratch.com\/revoglas\/wp-json\/wp\/v2\/product_cat?post=2150"},{"taxonomy":"product_tag","embeddable":true,"href":"https:\/\/www.gratch.com\/revoglas\/wp-json\/wp\/v2\/product_tag?post=2150"}],"curies":[{"name":"wp","href":"https:\/\/api.w.org\/{rel}","templated":true}]}}